{"id":74,"date":"2016-07-11T11:09:17","date_gmt":"2016-07-11T09:09:17","guid":{"rendered":"http:\/\/wvb.rhsoft.at\/?page_id=74"},"modified":"2025-01-20T09:37:08","modified_gmt":"2025-01-20T08:37:08","slug":"pressebilder","status":"publish","type":"page","link":"http:\/\/www.wy-volksbuehne.at\/?page_id=74","title":{"rendered":"Pressebilder"},"content":{"rendered":"\n\n<h2 style=\"text-align: center;\">\u00a0 \u00a0\u00a0<\/h2>\n<h2 style=\"text-align: center;\">folgen in K\u00fcrze<span style=\"color: revert; font-size: revert; font-weight: revert;\">\u00a0 \u00a0 \u00a0 \u00a0 \u00a0 \u00a0 \u00a0 \u00a0 \u00a0 \u00a0 \u00a0\u00a0<\/span><\/h2>\n<h2 style=\"text-align: center;\">Copyright Waidhofner Volksb\u00fchne 2025<\/h2>\n<p>Verwendung nur f\u00fcr Presse zur Bewerbung der Waidhofner Volksb\u00fchne<\/p>\n<p>Anfragen bitte unter: Volksbuehne@gmx.at<\/p>\n<h2 style=\"text-align: center;\">\u00a0<\/h2>\n<p style=\"text-align: center;\">\u00a0<\/p>\n\n","protected":false},"excerpt":{"rendered":"<p>\u00a0 \u00a0\u00a0 folgen in K\u00fcrze\u00a0 \u00a0 \u00a0 \u00a0 \u00a0 \u00a0 \u00a0 \u00a0 \u00a0 \u00a0 \u00a0\u00a0 Copyright Waidhofner Volksb\u00fchne 2025 Verwendung nur f\u00fcr Presse zur Bewerbung der Waidhofner Volksb\u00fchne Anfragen bitte unter: Volksbuehne@gmx.at \u00a0 \u00a0<\/p>\n","protected":false},"author":1,"featured_media":0,"parent":72,"menu_order":0,"comment_status":"closed","ping_status":"closed","template":"page-templates\/child-menu.php","meta":{"footnotes":"","_links_to":"","_links_to_target":""},"class_list":["post-74","page","type-page","status-publish","hentry"],"_links":{"self":[{"href":"http:\/\/www.wy-volksbuehne.at\/index.php?rest_route=\/wp\/v2\/pages\/74","targetHints":{"allow":["GET"]}}],"collection":[{"href":"http:\/\/www.wy-volksbuehne.at\/index.php?rest_route=\/wp\/v2\/pages"}],"about":[{"href":"http:\/\/www.wy-volksbuehne.at\/index.php?rest_route=\/wp\/v2\/types\/page"}],"author":[{"embeddable":true,"href":"http:\/\/www.wy-volksbuehne.at\/index.php?rest_route=\/wp\/v2\/users\/1"}],"replies":[{"embeddable":true,"href":"http:\/\/www.wy-volksbuehne.at\/index.php?rest_route=%2Fwp%2Fv2%2Fcomments&post=74"}],"version-history":[{"count":58,"href":"http:\/\/www.wy-volksbuehne.at\/index.php?rest_route=\/wp\/v2\/pages\/74\/revisions"}],"predecessor-version":[{"id":1714,"href":"http:\/\/www.wy-volksbuehne.at\/index.php?rest_route=\/wp\/v2\/pages\/74\/revisions\/1714"}],"up":[{"embeddable":true,"href":"http:\/\/www.wy-volksbuehne.at\/index.php?rest_route=\/wp\/v2\/pages\/72"}],"wp:attachment":[{"href":"http:\/\/www.wy-volksbuehne.at\/index.php?rest_route=%2Fwp%2Fv2%2Fmedia&parent=74"}],"curies":[{"name":"wp","href":"https:\/\/api.w.org\/{rel}","templated":true}]}}