{"id":38,"date":"2016-07-11T10:45:29","date_gmt":"2016-07-11T08:45:29","guid":{"rendered":"http:\/\/wvb.rhsoft.at\/?page_id=38"},"modified":"2025-01-20T09:30:33","modified_gmt":"2025-01-20T08:30:33","slug":"impressum","status":"publish","type":"page","link":"http:\/\/www.wy-volksbuehne.at\/?page_id=38","title":{"rendered":"Impressum"},"content":{"rendered":"<h1>Impressum<\/h1>\n<h2>Offenlegung gem. \u00a7 25 Mediengesetz<\/h2>\n<div class=\"kc_row\">\n<div class=\"kc_column kc_col-sm-12\">\n<div class=\"kc-col-container\">\n<div class=\"kc_text_block\">\n<p><u>Verein registriert beim Magistrat der Stadt Waidhofen an der Ybbs:<\/u><\/p>\n<p>Waidhofner Volksb\u00fchne (Kurzform WVB)<br \/>\nTheatergruppe<br \/>\nZVR-Zahl: 849892170<br \/>\nSitz: 3340 Waidhofen a\/d Ybbs | Austria<\/p>\n<p>Organschaftlicher Vertreter:<br \/>\nObmann Thomas Krall<br \/>\n3340 Waidhofen a\/d Ybbs<br \/>\nRabenbergstrasse 72 | Austria<br \/>\nE-Mail: <a href=\"mailto:a.riess@wy-volksbuehne.at\">Volksbuehne@gmx.at<\/a><\/p>\n<p>Verbraucher haben die M\u00f6glichkeit, Beschwerden an die Online-Streitbeilegungsplattform der EU zu richten: <a href=\"http:\/\/ec.europa.eu\/odr\" target=\"_blank\" rel=\"noopener\">http:\/\/ec.europa.eu\/odr<\/a>.<span class=\"Apple-converted-space\">\u00a0<\/span><\/p>\n<p>Sie k\u00f6nnen Ihre Beschwerde auch direkt bei uns bei folgender E-Mail-Adresse einbringen: volksbuehne@gmx.at<\/p>\n<p>F\u00fcr Links zu externen Webseiten Dritter, auf deren Inhalte wir keinen Einfluss haben, kann keine Gew\u00e4hr \u00fcbernommen werden. F\u00fcr die Inhalte der verlinkten Seiten ist stets der jeweilige Anbieter oder Betreiber der Seiten verantwortlich. Die verlinkten Seiten wurden zum Zeitpunkt der Verlinkung auf m\u00f6gliche Rechtsverst\u00f6\u00dfe \u00fcberpr\u00fcft. Rechtswidrige Inhalte waren zum Zeitpunkt der Verlinkung nicht erkennbar. Eine permanente inhaltliche Kontrolle der verlinkten Seiten ist jedoch ohne konkrete Anhaltspunkte einer Rechtsverletzung nicht zumutbar. Bei bekannt werden von Rechtsverletzungen werden wir derartige Links umgehend entfernen.<br \/>\nIm Hinblick auf die technischen Eigenschaften des Internet kann keine Gew\u00e4hr f\u00fcr die Authentizit\u00e4t, Richtigkeit und Vollst\u00e4ndigkeit der im Internet zur Verf\u00fcgung gestellten Informationen \u00fcbernommen werden. Es wird auch keine Gew\u00e4hr f\u00fcr die Verf\u00fcgbarkeit oder den Betrieb der gegenst\u00e4ndlichen Website und ihrer Inhalte \u00fcbernommen. Jede Haftung f\u00fcr unmittelbare, mittelbare oder sonstige Sch\u00e4den, unabh\u00e4ngig von deren Ursachen, die aus der Benutzung oder Nichtverf\u00fcgbarkeit der Daten und Informationen dieser Website erwachsen, wird, soweit rechtlich zul\u00e4ssig, ausgeschlossen.<\/p>\n<p>F\u00fcr den Inhalt der Website verantwortlich:\u00a0Waidhofner Volksb\u00fchne<br \/>\nWebdesign: UFD Huber KG<\/p>\n<\/div>\n<\/div>\n<\/div>\n<\/div>\n","protected":false},"excerpt":{"rendered":"<p>Impressum Offenlegung gem. \u00a7 25 Mediengesetz Verein registriert beim Magistrat der Stadt Waidhofen an der Ybbs: Waidhofner Volksb\u00fchne (Kurzform WVB) Theatergruppe ZVR-Zahl: 849892170 Sitz: 3340 Waidhofen a\/d Ybbs | Austria Organschaftlicher Vertreter: Obmann Thomas&#46;&#46;&#46;<\/p>\n","protected":false},"author":1,"featured_media":0,"parent":15,"menu_order":0,"comment_status":"closed","ping_status":"closed","template":"page-templates\/child-menu.php","meta":{"footnotes":"","_links_to":"","_links_to_target":""},"class_list":["post-38","page","type-page","status-publish","hentry"],"_links":{"self":[{"href":"http:\/\/www.wy-volksbuehne.at\/index.php?rest_route=\/wp\/v2\/pages\/38","targetHints":{"allow":["GET"]}}],"collection":[{"href":"http:\/\/www.wy-volksbuehne.at\/index.php?rest_route=\/wp\/v2\/pages"}],"about":[{"href":"http:\/\/www.wy-volksbuehne.at\/index.php?rest_route=\/wp\/v2\/types\/page"}],"author":[{"embeddable":true,"href":"http:\/\/www.wy-volksbuehne.at\/index.php?rest_route=\/wp\/v2\/users\/1"}],"replies":[{"embeddable":true,"href":"http:\/\/www.wy-volksbuehne.at\/index.php?rest_route=%2Fwp%2Fv2%2Fcomments&post=38"}],"version-history":[{"count":9,"href":"http:\/\/www.wy-volksbuehne.at\/index.php?rest_route=\/wp\/v2\/pages\/38\/revisions"}],"predecessor-version":[{"id":1710,"href":"http:\/\/www.wy-volksbuehne.at\/index.php?rest_route=\/wp\/v2\/pages\/38\/revisions\/1710"}],"up":[{"embeddable":true,"href":"http:\/\/www.wy-volksbuehne.at\/index.php?rest_route=\/wp\/v2\/pages\/15"}],"wp:attachment":[{"href":"http:\/\/www.wy-volksbuehne.at\/index.php?rest_route=%2Fwp%2Fv2%2Fmedia&parent=38"}],"curies":[{"name":"wp","href":"https:\/\/api.w.org\/{rel}","templated":true}]}}